Dati Storici Stazione Meteo - Stile NOAA
Seleziona il Report di un Mese o un Anno
2024: Gen Feb Mar Apr Mag Giu Lug Ago Set Ott Nov Dic
2023: Gen Feb Mar Apr Mag Giu Lug Ago Set Ott Nov Dic
2022: Gen Feb Mar Apr Mag Giu Lug Ago Set Ott Nov Dic
2021: Gen Feb Mar Apr Mag Giu Lug Ago Set Ott Nov Dic
2020: Gen Feb Mar Apr Mag Giu Lug Ago Set Ott Nov Dic
2019: Gen Feb Mar Apr Mag Giu Lug Ago Set Ott Nov Dic
2018: Gen Feb Mar Apr Mag Giu Lug Ago Set Ott Nov Dic
2024: Gen Feb Mar Apr Mag Giu Lug Ago Set Ott Nov Dic
2023: Gen Feb Mar Apr Mag Giu Lug Ago Set Ott Nov Dic
2022: Gen Feb Mar Apr Mag Giu Lug Ago Set Ott Nov Dic
2021: Gen Feb Mar Apr Mag Giu Lug Ago Set Ott Nov Dic
2020: Gen Feb Mar Apr Mag Giu Lug Ago Set Ott Nov Dic
2019: Gen Feb Mar Apr Mag Giu Lug Ago Set Ott Nov Dic
2018: Gen Feb Mar Apr Mag Giu Lug Ago Set Ott Nov Dic
Report for 2023 Maggio
MONTHLY CLIMATOLOGICAL SUMMARY for MAY. 2023 NAME: Borgovilla CITY: Barletta STATE: Italia ELEV: 34 m LAT: 41° 18' 00" N LONG: 16° 18' 00" E TEMPERATURE (°C), RAIN (mm), WIND SPEED (km/hr) HEAT COOL AVG MEAN DEG DEG WIND DOM DAY TEMP HIGH TIME LOW TIME DAYS DAYS RAIN SPEED HIGH TIME DIR ------------------------------------------------------------------------------------ 1 15.3 16.5 12:11 14.2 21:24 2.9 0.0 10.8 12.1 43.5 13:28 ESE 2 17.3 21.2 14:04 14.3 0:03 1.4 0.4 2.2 17.4 56.3 9:54 SE 3 15.7 17.6 13:08 13.6 5:16 2.6 0.0 1.2 15.6 40.2 11:12 NNE 4 16.3 20.2 18:06 12.3 6:00 2.4 0.4 0.0 13.5 35.4 9:23 SW 5 16.9 20.7 17:10 12.8 3:39 2.0 0.6 0.0 12.2 33.8 7:58 WSW 6 17.2 21.5 10:25 10.9 5:19 1.9 0.8 0.0 9.5 27.4 2:04 SW 7 17.9 22.2 13:01 10.8 6:15 1.8 1.4 0.0 10.3 33.8 14:19 E 8 17.8 20.2 16:26 14.1 5:57 0.9 0.4 0.0 4.5 24.1 19:14 NNE 9 17.7 19.8 14:26 15.9 23:58 0.8 0.2 0.0 6.3 25.7 16:42 WSW 10 16.5 19.4 11:29 13.0 4:58 1.8 0.1 20.6 5.1 20.9 12:43 ESE 11 18.6 22.7 11:55 15.1 4:08 1.0 1.3 0.8 10.6 40.2 11:28 WSW 12 17.6 21.8 11:58 13.4 1:48 1.5 0.7 0.0 11.3 38.6 14:20 SW 13 16.2 18.9 10:34 13.6 3:18 2.2 0.0 2.0 7.4 30.6 21:47 E 14 18.4 22.0 17:08 15.8 2:11 0.6 0.7 4.6 7.7 40.2 16:36 SE 15 15.8 18.1 0:01 14.3 9:21 2.5 0.0 27.8 8.2 41.8 15:12 ENE 16 18.8 22.9 15:56 16.7 6:05 0.5 1.0 2.4 14.8 61.2 9:01 SSE 17 17.8 22.2 13:10 14.6 6:05 1.2 0.6 9.4 9.2 37.0 15:43 SSE 18 16.9 20.8 15:24 13.8 6:43 1.7 0.3 0.8 9.0 30.6 8:32 SW 19 16.9 19.7 15:24 13.2 4:39 1.6 0.2 0.0 10.8 37.0 15:17 E 20 17.3 18.7 14:44 15.8 5:43 1.0 0.0 1.8 6.3 25.7 12:37 ENE 21 17.4 20.3 12:45 14.8 5:16 1.3 0.4 0.0 9.8 32.2 14:20 NE 22 19.1 23.3 12:39 15.6 3:52 0.7 1.5 0.0 9.3 29.0 15:36 WSW 23 19.8 23.9 14:00 14.4 4:50 1.0 2.5 0.0 8.7 25.7 15:37 SW 24 20.4 25.6 16:50 15.2 5:18 0.5 2.6 0.0 9.7 29.0 17:26 E 25 19.7 23.6 14:48 14.8 6:06 0.7 2.1 0.0 8.9 24.1 15:56 SW 26 21.3 25.3 15:47 17.1 3:15 0.2 3.2 0.0 14.0 33.8 5:18 WSW 27 20.9 24.2 17:26 17.6 23:58 0.0 2.7 0.0 13.2 33.8 14:04 WSW 28 20.7 24.3 18:16 16.9 5:11 0.2 2.7 0.0 13.7 32.2 4:09 WSW 29 20.6 25.1 11:15 16.5 5:49 0.3 2.6 0.0 11.9 32.2 15:20 WSW 30 20.1 25.6 10:55 16.6 3:49 0.3 2.1 0.0 11.3 48.3 16:30 SW 31 19.1 22.4 14:58 14.3 6:05 0.9 1.7 0.0 7.7 29.0 14:08 SW ------------------------------------------------------------------------------------- 18.1 25.6 30 10.8 7 38.4 33.1 84.4 10.3 61.2 16 SW Max >= 32.0: 0 Max <= 0.0: 0 Min <= 0.0: 0 Min <= -18.0: 0 Max Rain: 27.79 ON 15/05/23 Days of Rain: 12 (> .2 mm) 8 (> 2 mm) 2 (> 20 mm) Heat Base: 18.3 Cool Base: 18.3 Method: Integration